- 0)) + -4?
-3
What is the value of (2 - -2) + -11 + (5 - (1 - -7))?
-10
Calculate (-48 - -38) + (1 - -3).
-6
What is 0 + (-9 - -22) + -17 + 11?
7
What is the value of -26 + (-9 - -23) + 0?
-12
What is the value of 1 - (2 - 9 - (-5 - -8))?
11
What is -8 - (-4 + (-1 - -9))?
-12
Evaluate 10 - (25 - (4 - 8)).
-19
(0 - -7) + -4 + -2
1
Evaluate -3 + (19 - 22) + -7 + 3.
-10
What is -11 + 0 + 0 - (-3 + 2 + 17)?
-27
Calculate -3 - ((1 - -2) + -4) - (-371 + 364).
5
Evaluate (-13 + -49 - -32) + 26.
-4
What is the value of -51 + 21 + -15 - (-10 + -1) - 1?
-35
What is the value of 3 - (-15 + 31 + -11 + 11)?
-13
Evaluate (42 - 62) + 5 - (0 - 7).
-8
What is the value of (-6 - -1) + (4 - (-11 - -1)) - 5?
4
-2 + -4 - -8 - ((-11 - -12) + 4)
-3
(-1 - -47 - 52) + -16
-22
(-2 - 14) + (9 - 4) + -1 + 8
-4
Calculate -1 + -19 + 2 - (17 - (5 - -4)).
-26
Evaluate 9 + -1 + -2 + (-2 - -1) + 6.
11
Evaluate 4 + (7 - -10) + -12.
9
What is the value of (2 - 22 - -12) + 11?
3
What is (17 - -4) + -50 + 34?
5
What is the value of 3 + (-21 - -23) + 1 + -10?
-4
4 - -1 - (-94 + 91) - (-2 - -7)
3
(-8 - (8 + -8 - 5)) + 14
11
What is (4 - -6) + (14 - 11) + -3?
10
4 + -21 + (-34 - -45)
-6
Calculate 6 + (0 - -2) - (-15 + 4 + 11).
8
What is 6 + 1 - (3 - 4) - (-41 - -38)?
11
Calculate (12 - 1 - 4) + (1 - 20).
-12
What is 3 + (3 - (-13 + 25))?
-6
Calculate (-7 + 8 - 9) + 5 + 9 + 12.
18
What is the value of -16 - (-5 - (-16 + 3 - -11))?
-13
9 - (-11 + 3 + 10)
7
What is the value of -12 + 1 + (-6 + 0 + -12 - -14)?
-15
Calculate 3 + (-2 - 5) + (-4 - 2) + 3.
-7
What is (8 - 11) + -4 + 1 + (-53 - -64)?
5
Calculate 11 + -1 + (-5 + 1 - (-186 + 180)).
12
Evaluate 10 + 8 + -23 + 1 + 9 + -3.
2
What is (-7 - -4) + -3 + (0 - (-2 + -7))?
3
6 + (-6 - -3 - -2 - 3) + 5
7
Calculate 11 - (0 - -53 - 10 - 0).
-32
What is 11 + 20 + -58 + 58?
31
1 + -10 + (-16 - -17)
-8
Calculate 29 + (-10 - (-2 - 2)) - 5.
18
Calculate 2 + (-2 - 1) + 5 + 252 + -263.
-7
Calculate -2 + (-37 - -13) - -21.
-5
Calculate -5 - (-2 + (1 - (2 + 3)) - -1).
0
What is (-15 - -8) + 11 + -3 + -14?
-13
-8 - (8 - (7 - -1 - (-51 - -49)))
-6
Evaluate (13 - 18) + 17 + -12.
0
What is the value of -7 + 3 - 11 - ((-41 - -23) + 19)?
-16
What is the value of -41 + 13 - (3 + -15 + 3)?
-19
What is the value of -3 - (-2 + -12) - (-14 - (-8 + 1))?
18
What is the value of 11 - (8 - -6) - -8?
5
-8 - -3 - (-6 + -1 + (-56 - -57))
1
What is -13 + (-1 - (5 - (9 - 13) - 11))?
-12
Calculate 9 + -22 + (0 - -10 - -9).
6
What is (8 - 16 - -31) + 0 + 1?
24
Evaluate (79 - 4 - 59) + 0 + 13.
29
Calculate -18 - -9 - -20 - (0 + 28).
-17
Evaluate -5 - (-3 - (-11 - -6)) - -2.
-5
What is the value of (-65 - -46) + -2 + 42?
21
Evaluate 2 - (7 + 1 - 8 - 4).
6
What is (3 - 6 - -2 - 1) + -5?
-7
What is the value of -1 + 3 - (4 - (-24 - -15))?
-11
What is 9 - -3 - (11 - 16)?
17
-17 + 0 + 6 + (-38 + 17 - -11)
-21
(0 - (-3 + 5)) + -17 + 14 + -5
-10
3 - 13 - (-67 - -72 - (8 - 0))
-7
What is the value of -6 + 1 + -2 + -2 - (8 - 7)?
-10
What is 11 + 0 - (-141 - -156)?
-4
Calculate 15 - 31 - (8 + -15).
-9
(0 - 2 - -2) + 3 + 38 + -28
13
(1 - -3) + -8 + (-3 + 24 - 16)
1
Evaluate 23 + -28 + 3 + -16.
-18
What is the value of 4 - (18 + -28 + 18)?
-4
Evaluate 9 - (-20 + 77 + -21).
-27
10 + -31 + 1 + 10
-10
What is -33 + 0 - (531 + -548)?
-16
Evaluate 5 + (-18 + 1 + 8 + -4 - -5).
-3
What is 0 - ((-3 - (6 + -16)) + -5) - -7?
5
Calculate 42 + -4 + 1 + -52 + 38.
25
Evaluate -1 - -15 - (284 + -265).
-5
0 + -7 + 97 + -81 - (-7 + -8)
24
Evaluate (-12 - -19 - (-3 + -2)) + -1 + -1.
10
Evaluate (-12 - 19) + 51 + -17.
3
-3 - (-1 + 6) - (-1 + -11 - 4)
8
What is the value of (23 + -11 - 12) + (-7 - 2)?
-9
What is the value of (1 - 9) + 2 - (4 - (40 - 20))?
10
Evaluate -1 - (-1 - (6 - -6)).
12
-8 - (2 + 33 - (230 - 210))
-23
What is (-1 + 3 - 5) + -32 + 21 + -13?
-27
What is the value of -9 - 3 - (31 + -15 - 11)?
-17
7 + 16 + 1 + -18
6
What is the value of -3 + (-4 - -32) - 26?
-1
Calculate 2 + -6 + 2 - (16 + -10 + -5).
-3
What is the value of (210 - 209) + (-21 - 1)?
-21
What is (8 - -4) + 8 + -1 + -10 + 18?
27
(12 - (-7 + 12 - -20)) + 3
-10
What is -8 - 11 - (-7 - 13)?
1
What is the value of -16 - (-7 - (-7 + (-15 - -18)))?
-13
-10 - (-26 - -35 - 32)
13
14 + -7 + -15 + -4 + 2
-10
What is -8 - 8 - (-5 + 9 + -6 - 2)?
-12
5 + 3 - ((-33 - -20) + (-2 - 1))
24
What is 1449 + -1462 + (2 - (1 + -11))?
-1
What is -4 + 3 + 6 + (-3 - 7)?
-5
Calculate (203 - 210) + 2 + 24.
19
4 - (-1 - ((-7 - -5) + (-5 - 14)))
-16
Calculate -7 + 18 - (-6 + -9 + 9).
17
What is (-14 - (-35 - 22)) + -15?
28
Evaluate 13 + (5 - (8 + 7)) - 30.
-27
What is 17 + (2 + -13 - -3)?
9
What is the value of 7 - (-11 + 7 + -1)?
12
What is the value of 6 + (-10 - (-5 + (-6 - -7)))?
0
5 - (0 + 14 + -2)
-7
6 + (-5 - (-19 - -10))
10
What is the value of (-28 - -4) + 12 - (-5 - 0)?
-7
Evaluate 1 + -19 - (21 + -8 + -19 + 5).
-17
What is the value of (21 + -30 - 31) + 65?
25
Calculate 18 - (32 + 1 + -11).
-4
What is the value of -28 - (23 - 56) - (0 - 7)?
12
Calculate 4 - 5 - -2 - (-3 + (-2 - -1)).
5
What is 2 + 3 + -1 + 4 + -10 - -12?
10
Calculate -5 + -7 + 35 - 20.
3
What is the value of 7 + -6 + -39 + 41 - 1?
2
(0 + 0 - (-18 - -6)) + (35 - 34)
13
What is -8 + 8 + (-11 - 2) + 9?
-4
Calculate -2 + -6 + -2 + 5 - (-1 - 5).
1
What is 17 + 1 + -2 + -13?
3
What is the value of -20 + -2 - (-344 + 304)?
18
Evaluate (14 - 11 - 0) + (-6 - (4 + -8)).
1
(4 - 5 - (5 - 0)) + 15 + -10
-1
What is the value of -7 + -12 + 45 + (1 - 1) - 8?
18
What is the value of 1 + -4 + 51 + -3 + -6 + -4?
35
What is the value of (-11 - 12) + 1 + 2 + -1 + -4?
-25
(-2 - (-12 - 16)) + -15
11
What is the value of 13 - -3 - (48 - 39)?
7
Evaluate -22 + -13 + 5 + -6 + -1 + 14.
-23
What is the value of (12 - 12 - 4 - -26) + -2?
20
Calculate (1 - 0) + 3 + -6 + -58 + 53.
-7
What is the value of -25 - (35 - (-30 - -84))?
-6
What is the value of (55 - 38) + -61 + 28?
-16
What is 1 - 14 - (-45 + (-40 - -49))?
23
What is 10 + -15 - -20 - 3?
12
Calculate 66 + -59 - (-6 + -1).
14
Evaluate 0 + -2 + 1 + 85 + -78 - 12.
-6
3 + -1 + (5 - (6 + -2)) + -3
0
What is -20 + 24 + (-20 - 2)?
-18
Evaluate -4 + (16 + 11 - (-3 + 11)).
15
Evaluate (-2 - (-11 - (3 - 13))) + -8.
-9
(-4 - 6 - -5) + 20 - 6
9
Calculate (-6 - -1) + 46 + -50.
-9
Evaluate 5 + -15 - (-24 + -2 + 5).
11
Evaluate (1 - 10 - -8) + -10.
-11
What is 21 + (-9 - 8) - -6?
10
What is the value of 1 + (2 - (-2 + -9 - 4))?
18
What is the value of -7 + -3 + (-9 - 0) + 8?
-11
What is the value of (5 - 3) + -6 + 9 + -10 + -2?
-7
What is the value of -33 + (-2 - -14) - ((-1 - -1) + -9)?
-12
Calculate -8 + 7 + -5 + 1 - -1.
-4
What is 3 + -9 - -24 - (9 - -2)?
7
What is the value of (13 - (-6 + 10)) + -3 - 4 - -8?
10
What is -6 + (10 - (9 - 16))?
11
What is 31 + 5 + 3 + (-7 - 0) + -9?
23
Calculate 2 + -25 - (25 + -34 + 9).
-23
Calculate (18 + -20 - 4) + 18.
12
Evaluate (9 - (0 + -1)) + (57 - 100 - -66).
33
1 - -7 - (68 - 75)
15
370 + -361 + (-2 - (-3 - 2))
12
Calculate 216 + -197 - (-6 - 0).
25
6 + 1 + (11 - (41 + -16))
-7
What is the value of (-1 + -3 - (-14 + 4)) + -11?
-5
Calculate (15 - -3) + -25 + 4.
-3
(2 - (-7 - -2) - 15 - -4) + 1
-3
Evaluate 0 + (-5 + 9 + -4 - 0).
0
-19 + 3 + (17 + -4 - -18)
15
Calculate 17 - (9 + -2 + 6).
4
What is the value of 6 + 7 + 8 - (12 - 1)?
10
Evaluate (-308 - -306) + -28 + 2 + -2.
-30
What is 6 + -3 - (-25 - -3) - 1 - 8?
16
Evaluate (-24 - -9) + 3 + 9 - -1 - -22.
20
Evaluate 30 + 12 - (-19 - -77).
-16
Evaluate (-2 + 6 - (73 + -77)) + -29 + 0.
-21
Evaluate 2 + (12 - 4) + -31 - (-3 + 0).
-18
(-4 + 12 + 0 - 0) + -8 - 20
-20
What is 21 + -29 + 7 + 11?
10
Calculate 20 + -10 + -4 - (-2 - (-27 - -4)).
-15
Calculate 21 + 27 + -29 + 0.
19
1 - 22 - 4 - (-307 - -297)
-15
What is the value of 9 - (12 + (-8 - 14))?
19
What is the value of 1 + 2 + (-30 - (-28 - -26))?
-25
What is -9 + (-25 - (-40 + 7)) - (-1 + 6)?
-6
What is -10 - ((9 - -9 - 35) + 2)?
5
What is -18 + 41 + -1 - 27?
-5
Calculate 1 + -1 + (3 - 1) + (-159 - -151).
-6
Calculate (8 - (-2 + 8)) + -3 + -1 - -7.
5
What is (13 - (7 + (2 - 1))) + -19?
-14
What is the value of 3 - (-13 - 7) - 2?
21
(-69 - -68) + 4 + 5
8
What is -11 - (5 + 1 - (7 - -1))?
-9
Calculate -5 + 12 - 2 - (26 + -12).
-9
What is 3 - 0 - 8 - -18 - 32?
-19
-13 + 0 + (-7 - -11) + 1
-8
What is the value of 22 